5 - (-4 + 9 + 1 + 9).
-10
39 + (-37 - -39) + -60
-19
Evaluate 14 + -14 + 3 + 9 + 10.
22
Calculate (-7 - -17) + -23 + 2 + 5.
-6
Calculate -56 - (0 - (-9 + 38)).
-27
Evaluate -21 + -2 + (-7 - (0 - 11)) + 1.
-18
Calculate -4 - (8 - 2 - (20 + -4 + 5)).
11
(-9 - 7) + -6 + 3
-19
5 - (0 + 11 - 1)
-5
What is the value of -2 + (3 - (-2 - (2 + 2 + -5)))?
2
What is the value of 7 - (0 + 3) - (-18 + 12) - -2?
12
Calculate (8 - (-10 - -9 - (-5 + -5))) + -29.
-30
Evaluate -2 - (-3 + (37 - 4)).
-32
What is the value of 0 + 10 + -10 - (8 - -15 - -4)?
-27
What is -610 + 605 - (10 - (-2 + 3))?
-14
What is the value of -13 - (-18 - (8 - 17) - -9)?
-13
What is the value of -3 - (12 + (-8 - 21))?
14
What is the value of -5 - (16 + (12 - 14))?
-19
Evaluate -2 - (15 + -2) - (0 - (8 - 0)).
-7
What is (-10 - (-3 + (2 - 3))) + 5 - -7?
6
What is the value of -8 + (-5 - -1) - -7 - -2?
-3
What is the value of -251 + 253 - (1 + (4 - (3 + 0)))?
0
What is -9 + (5 - (1 - -1) - (2 - 1))?
-7
What is the value of -3 + 2 + 0 + (34 - (5 - -37))?
-9
Calculate 14 - (50 + (-14 - 14)).
-8
What is the value of (19 + 61 - 53) + -5 + -2 + 1?
21
Evaluate (-49 - 4) + 64 + 2 + -46.
-33
What is (37 - (-18 - -41)) + (-1 - 32)?
-19
What is 9 - (-34 + 10 + (-6 - (-8 - -2)))?
33
-2 + (-1 - -4) + 3 - (199 - 211)
16
Calculate 8 - (34 - (28 + -3)).
-1
Evaluate 7 + 1 + -38 + (10 - 1 - -4).
-17
-10 - ((-10 + 0 - (-9 + -2)) + -22)
11
Calculate 15 - (-9 + 29 - 28).
23
What is the value of 0 - (9 - 14) - 9 - 7?
-11
What is the value of 9 + (-9 - (-7 + -1)) - -5?
13
Evaluate 1 + -32 + 13 - -3.
-15
What is the value of -14 - -5 - (-41 + 50)?
-18
Evaluate -14 - (3 + (-5 - (12 - 17))).
-17
Evaluate (-4 + -10 + 16 - 35) + 4.
-29
Evaluate (0 - 1 - ((-7 - -6) + 17)) + 4.
-13
Evaluate 14 + (0 - (-5 - -7 - -1)).
11
Calculate (-794 - -799) + (1 - (6 + 0)).
0
What is (4 - (-13 + 2)) + (269 - 302)?
-18
Evaluate (-1 - -1) + -27 + 22.
-5
What is (-1 + -21 + 0 - -1) + 1834 + -1823?
-10
Calculate (816 - 849) + (2 - -56).
25
What is (50 - 99) + 29 - (0 + -14)?
-6
What is (-15 - 0) + 2 - (4 - -7 - 10)?
-14
What is the value of 4 + (13 + -22 - 6)?
-11
What is the value of 14 - (10 - -38 - 34)?
0
Evaluate -17 - (-9 + -4 + 0 + (-13 - -22)).
-13
What is the value of -2 + (33 - 28) + 1 + 5 - -13?
22
What is the value of -8 + -7 - (-2 + -13)?
0
Evaluate -1 - (22 + -28) - (3 - 6) - 25.
-17
-1 + 3 + 9 + -1 + (-1 - 2)
7
3 - 6 - (11 + -7 + -13)
6
What is the value of 10 + 2 + -18 - -28 - (2 - 13)?
33
Evaluate (58 - 51) + (-9 - 0) + 13.
11
Calculate -8 + -29 + 42 + 12.
17
(-13 + 3 + 2 - -10) + 5
7
Evaluate -274 - -273 - ((0 - 0) + (-3 - -2)).
0
What is (-3 - 5) + 1 + 14 + 6 + -11?
2
Calculate (3 - 19) + 46 + -44 + (1 - 1).
-14
What is 7 + 8 + -10 + 9 + -1?
13
What is 0 + (32 + -26 + (10 - -1) - 9)?
8
What is 1 + -1 + -3 + 6 + (8 - 8)?
3
26 + -3 + -1 - (-1633 - -1618)
37
What is the value of 13 + 1 + (-4 - -3) + -13 + 8?
8
Calculate -10 + (11 - ((2 - (-1 - 7)) + -6)).
-3
-6 + 0 + 3 + 22 + -19 + 10
10
What is (2 - 0) + -9 - (19 - 9)?
-17
What is -18 + -3 + 10 + -12 + 12?
-11
What is -15 - (-17 - -5) - (0 - 0) - 5?
-8
Calculate (2 - 18) + -10 + (-12 + 6 - 5).
-37
What is 5 + 7 - 5 - (33 + 6 + -16)?
-16
-6 - 3 - (-5 - (6 - (-6 + -10)))
18
What is (-15 - -1) + -91 + 106?
1
Calculate -6 + 1 + (9 + 3 - 2).
5
Calculate 9 + 4 + 5 + 0 + 12.
30
-7 + 3 + 1 + (-6 - -18)
9
Evaluate (15 - 1) + 1 + 1452 + -1452.
15
What is 2 - (-1 + 1) - (-14 + (35 - 8))?
-11
What is the value of -2 + -3 - 1 - ((12 - -23) + -33)?
-8
Evaluate -9 + 12 - 18 - -26.
11
What is the value of 2 + -1 + (-15 - -23 - 10)?
-1
Calculate 1 + 1 + -4 + (50 - -10) + -65.
-7
What is the value of (-16 - (2 + -22)) + -14 + (-1 - 0)?
-11
What is (-16 + 12 - -5) + -24?
-23
What is the value of -7 - ((0 - -11) + -5 - 21)?
8
Evaluate 10 + (-24 + 25 - -28).
39
-1 + -42 + 55 + (-9 - 0)
3
What is the value of -6 + -1 + -1 + 0 + -2?
-10
What is 12 - 0 - (3 + 15 + (-16 - -8))?
2
(-9 - -21 - -2) + (-23 - -2)
-7
What is the value of 5 + 1 + 2 - 1?
7
Calculate -24 + 11 + (9 - -4).
0
What is the value of (5 - -1) + (12 - 11) + -5 + 4?
6
What is the value of -45 + 31 - ((-4 - -4) + -2)?
-12
(-5 - -25) + (3 - 24)
-1
(17 - 17) + 1 + -3 + 6
4
What is the value of 302 + -311 + (2 - -2)?
-5
Calculate -26 + (-31 - -61) + -19.
-15
What is 1 - (0 - -12) - (8 + -22 - -17)?
-14
-20 + (2 - -10) + 11 + 8
11
(-2 - (2 - 1)) + (17 - (34 - 10))
-10
1 + (6 - 0 - 17) + 6 - 3
-7
What is 4 - (0 + -1 - (1 - (5 + 5)))?
-4
Calculate 22 + -23 + -6 - (-1 + 7).
-13
What is the value of -231 + 232 - (1 - (5 - 1))?
4
What is the value of -2 - 3 - (68 + -70) - (-1 - -6)?
-8
Evaluate -28 + 9 + 1 + 34.
16
What is -4 + 9 + 0 + (-22 - -6) + 28?
17
What is the value of (-43 + 62 - 24) + (-3 - -16)?
8
What is 29 + -22 + (-13 - 22)?
-28
Calculate (27 - 1) + -25 + (-21 + 33 - -7).
20
What is 15 + -22 - (-2 + -4) - (1 + 0)?
-2
What is the value of -34 + (-1707 - -1719 - (12 + -1 - -1))?
-34
What is the value of (-3 - -4) + 1 - (-64 + 77)?
-11
What is the value of -10 + 1 + (-10 + -1 - (-51 + 44))?
-13
What is 5 + 12 + 1 + -17?
1
What is the value of (-13 - -34) + -6 + -12?
3
Calculate 14 + -5 - 3 - (17 - -7).
-18
Evaluate 19 + -15 - ((11 - -17) + 4).
-28
What is 5 - (5 - ((6 - 3) + 11 + -10))?
4
What is the value of 25 - (82 - (62 + -27))?
-22
What is the value of -3 - (4 - -1) - (-9 + 16 - 7)?
-8
15 + (33 - 67) - -23
4
-90 + 0 + 40 + 21
-29
Calculate 11 + 19 + -12 + (2 - 5).
15
What is -2 - (-29 + 22 - -34)?
-29
What is 12 + (3 - (10 - 4)) - (1 - 3)?
11
What is 41 - 29 - (-8 - -12 - -10)?
-2
Evaluate 4 - (-1 + (3 - -1) + -7 + 9).
-1
What is -8 - (5 + -11) - (-35 - -13)?
20
What is the value of 12 - (-29 - (7 + -10) - (-3 - 7))?
28
Evaluate (5 - 0) + 10 + -5 + -14 + 25.
21
Calculate (15 - -1) + (-91 - -87).
12
Calculate -13 - (-4 - (4 - -11)).
6
Calculate 1 - 2 - (2 + -20 + 15 + -2).
4
What is the value of -33 + 0 + 2251 + -2235?
-17
Calculate 10 + -12 + (3 - 6).
-5
Calculate 25 + 12 + (-21 - (-9 + -2)).
27
20 + 70 + -37 + -20
33
Calculate -1 - ((18 - 9) + -23).
13
Evaluate -21 + (-8 - (10 - 5) - -17).
-17
Evaluate (-2 + -7 - -5) + -11 + 3 - 6.
-18
Evaluate (-15 - -6 - -7) + 8 + 5.
11
What is the value of -21 + (-3 + 19 - 11)?
-16
What is the value of (6 - 0) + 58 + -67 + 12?
9
Calculate (-110 - -74) + (-5 + -1 - (-7 + 4)).
-39
What is the value of -40 - (6 + -58) - ((-1 - -2) + -2)?
13
What is -6 - (17 - 10) - (4 - -10)?
-27
What is 4 + -19 + 48 - 19?
14
What is 1413 + -1397 + 1 + 5?
22
Evaluate -3 - (-1 - (7 + 22) - -15).
12
(8 + -4 - -4) + (5 - 23) + 3
-7
Evaluate 25 - ((-21 - -67) + -28).
7
What is the value of 4 - (2 - (-1 + 3)) - (6 - 1)?
-1
What is the value of 154 - 145 - (-1 + (2 - -13))?
-5
-5 - -3 - (-7 + 6 + 2)
-3
What is the value of -150 + 177 + (1 - 46)?
-18
What is -12 - (-1 - 12 - -3 - -1)?
-3
Calculate 19 - (2 + (-13 - -19) + (-4 - 1)).
16
10 + -11 - -12 - (8 + 0)
3
What is (-14 - -2) + (15 - -9)?
12
Calculate 2 + 23 + -18 + 8.
15
What is the value of 5 - (5 - -1) - (4 - (-5 - -1))?
-9
Evaluate 1 + 4 - (603 - 605).
7
(3 - (3 - 2)) + -4 + 35 + -25
8
Calculate 15 - 0 - (-1033 - -1040).
8
What is the value of -10 - (26 - -1 - 23)?
-14
Evaluate (114 - 111) + (-3 - -1) + 5.
6
What is the value of -6 + 11 - -13 - 2?
16
What is the value of (-28 + 40 - (0 - -6)) + 7 + -14?
-1
What is the value of -9 - -19 - (-18 - -41)?
-13
6 + 8 + -7 + -8
-1
Calculate (-6 + 3 + 19 - (12 + -7)) + -2.
9
What is the value of -4 - -38 - (-190 + 184)?
40
Evaluate -6 - (-19 - -10) - (-3 - -7).
-1
Evaluate 12 - -1 - ((2 - -19) + -18 - 9).
19
Calculate 27 + 26 + (-34 - -12).
31
What is the value of 9 + -18 - (33 - 15) - -11?
-16
-4 - -2 - 4 - (107 + -94)
-19
Calculate (6 - 15) + 6 + 0.
-3
29 - (11 + (-10 - (6 + -15)) + -9)
28
What is (-169 - -202) + -25 + 2?
10
What is the value of -33 - (-87 + -10 + 35)?
29
Evaluate (-32 - 5) + 10 + -12 + 9.
-30
Calculate 10 + -32 + 20 + 1.
-1
-6 + 17 + -7 + -1 + 4
7
What is 8 + -2 + -624 + 633?
15
Evaluate 7 + (-5 - 1) + -8 + 3 + -6.
-10
What is -5 - (15 + (10 - 11) + -10 + 1)?
-10
0 - 21 - (-9 + 6 + 2 + -7)
-13
Evaluate (-13 - (-6 - 3) - 3) + (-1 - -4).
-4
Evaluate (-12 - 2) + (6 - 12).
-20
-4 - (3 - 1 - 4 - 6) - -4
8
(-13 + 37 - 8) + -15
1
What is the value of 24 + -11 + -6 + 6?
13
Calculate 19 + -1 + -1 